49?
7
Suppose -57 = t + 103. Let p = 212 + t. Calculate the greatest common factor of 130 and p.
26
Suppose -8*p + 5*p + 243 = 0. Suppose 12*j + p = -87. Let t be (-11)/(231/(-804)) + 4/j. What is the greatest common divisor of 152 and t?
38
Let l = -172 - -173. Let a be 2*(24 - 5/l). What is the highest common divisor of 2 and a?
2
Let o(s) = 68*s**2 + 55*s + 5. Let t be o(-4). What is the highest common factor of 63 and t?
9
Suppose r - 23 = 8*o - 7*o, 2*r - 4*o - 36 = 0. Calculate the greatest common divisor of 148 and r.
4
Let s = -1217 + 1872. Calculate the greatest common factor of 5 and s.
5
Let j = 6 + -2. Let s(w) = w**2 - 7*w + 16. Let x be s(j). Let t be x*(7 - (2 - 1 - -1)). What is the highest common divisor of t and 160?
20
Let z = -789 - -971. Let f = 19 + -29. Let l = 4 - f. Calculate the greatest common divisor of l and z.
14
Let b = -120 + 153. Suppose 33 = 3*g + 3*p, -5*p - b = -10*g + 7*g. Let k be 100 + (-6)/(-3) + -3. What is the highest common divisor of k and g?
11
Suppose -6*h = -10*h + 221 - 109. Let i = 2 - -26. What is the highest common factor of h and i?
28
Let z(c) = 19*c - 144. Let p be ((-15)/(-9) - 7)/((-2)/3). Let a be z(p). Calculate the greatest common divisor of a and 24.
8
Let s(q) = 2*q**2 + q - 8. Let u = 12 - 16. Let k be s(u). Suppose 5*w - 57 = -17. What is the highest common factor of k and w?
4
Let x = 8 + -15. Let p be -3 + 1/(5/(-240)). Let d = x - p. What is the highest common factor of d and 4?
4
Let k(w) = -w**2 + 38*w - 185. Let t be k(31). What is the highest common factor of 440 and t?
8
Let v(y) = -70*y + 2486. Let o be v(29). What is the highest common divisor of o and 2356?
76
Suppose 0 = -5*u + 5, -6*t - 3*u + 24 = -5*t. Suppose -103 = -v + 2. Calculate the highest common factor of v and t.
21
Let k = 724 + -567. Suppose k = 7*j - 11. What is the greatest common factor of j and 40?
8
Suppose 4*x - 1582 = 2*n, 3*n + 105 = x - 273. Suppose 5*k = 4*k + 21. What is the greatest common factor of x and k?
21
Let j(b) be the third derivative of 0 - 7/12*b**4 - b**2 - 1/3*b**3 + 0*b. Let i be j(-1). What is the highest common factor of 30 and i?
6
Let t = -55 - -93. Suppose c = 8*c - 21. Let h be (c + -22)*(-5)/5. Calculate the highest common divisor of h and t.
19
Suppose 3*z = 5*t + 1120, 0*t - 1874 = -5*z + t. Let g be (23 + 2)*(-12)/(-2)*1. Calculate the greatest common factor of g and z.
75
Let t be 40/(-8) + (-2 - -47). What is the highest common factor of 2440 and t?
40
Suppose 6*u - 43 = -5*y + 11, 4*y + 3*u - 45 = 0. What is the greatest common divisor of 642 and y?
6
Suppose 0 = -3*u - 4*c + 611, 11*u - 9*u - c = 400. Let x = u - 195. What is the greatest common divisor of x and 33?
3
Let p be (1/3)/((-15)/(-90)). Suppose -p*y = -2*i - 42, 3*i = y + 6*i - 5. Calculate the highest common factor of 187 and y.
17
Let d(k) = k**3 - 21*k**2 - 45*k - 21. Let x be d(23). Suppose -5*t = -3*y + 60, 0 = -y + x*t - t + 20. Calculate the greatest common factor of 80 and y.
20
Let v(i) = -i**3 - 6*i**2 - 122*i - 787. Let z be v(-7). Calculate the highest common factor of 260 and z.
4
Let x be (-6138)/44*(-1 + -1). Suppose u + x = 2*i, -6*i + 705 = -i + 5*u. Calculate the highest common divisor of 40 and i.
20
Let q(l) = 11*l - 59. Let d be q(-6). Let v = d + 127. What is the highest common divisor of 2 and v?
2
Let q(g) be the first derivative of -g**4/4 + 10*g**3/3 + 10*g**2 + 21*g + 17. Let f be q(12). Let b = -15 - f. What is the highest common divisor of b and 18?
6
Suppose 0 = 19*f + 127 - 621. Let b = 62 - -15. Let c be 3/((1/13)/(b/33)). What is the greatest common factor of c and f?
13
Let a(d) = 74*d**2 + 123*d + 16. Let h be a(5). What is the greatest common factor of h and 12?
3
Suppose 2*l = c - 108, -2*l + 327 = 5*c - 153. Let h = -78 + c. Let s = -218 - -358. What is the greatest common factor of h and s?
20
Let f(h) = -h**2 - 28*h - 23*h - 14 + 0 - 6 + 0*h. Let u be f(-32). What is the highest common factor of u and 12?
12
Let j be (-1 - (8 + 4))/(-1 + 0). Suppose 31 = 4*n - j. Suppose -2*r + 96 + 102 = 0. What is the greatest common divisor of r and n?
11
Suppose 0 = 8*v - 7*v - 9. Suppose 21*o - 22*o = -v. Let q = o - 1. What is the greatest common factor of q and 12?
4
Suppose 206*y - 3 = r + 210*y, -r - y = -9. Calculate the highest common divisor of r and 1937.
13
Suppose -r - 146 = 3*z + 335, -z = 1. Let s = -343 - r. Calculate the greatest common factor of 5 and s.
5
Let t(v) = 6*v + 110. Let z be t(-5). Suppose 19*n - 3312 = -4*n. What is the greatest common divisor of z and n?
16
Suppose 0 = -2*b + 94 + 60. Let i = 80 - b. Suppose 20 = -i*m + 65. Calculate the greatest common factor of 5 and m.
5
Suppose -22*c + 61403 = 23783. What is the greatest common factor of c and 135?
45
Let j(y) = -y**3 - y**2 + 7. Let t(i) = 5*i + 10. Let u be t(-2). Let o be j(u). Suppose 3*d - d - 56 = 0. Calculate the highest common factor of o and d.
7
Let l = -1941 + 7641. Calculate the highest common divisor of 24 and l.
12
Let v(u) = 4*u**2 + 9*u + 144. Let j be v(-5). What is the highest common factor of 398 and j?
199
Suppose -486*l + 9535 - 2854 = -93*l. Suppose -3*p - 6 = -5*g + 14, -3*g + 12 = 4*p. What is the greatest common divisor of l and g?
1
Suppose 151*p - 630*p + 32105 = 4802. Let b(o) be the third derivative of -19*o**4/12 - 2*o**2. Let f be b(-1). Calculate the highest common factor of f and p.
19
Let f = -1924 - -2428. Calculate the greatest common divisor of f and 476.
28
Let l = 7487 + -7460. Calculate the greatest common divisor of 113 and l.
1
Suppose 2*g + l = 1605, 4*g + 14*l - 10*l = 3208. Calculate the greatest common factor of 73 and g.
73
Let j(v) = 2562*v**2 + 4*v - 5. Let x be j(1). What is the greatest common divisor of x and 1576?
197
Let o(i) = -12*i + 843. Let h be o(68). Calculate the highest common divisor of 34803 and h.
27
Suppose -5*q + 55 = -5*f, 3*q = q - 5*f + 36. Let o = 329 - 186. Calculate the greatest common divisor of o and q.
13
Let g(j) = -j**3 - 56*j**2 - 4*j + 186. Let l be g(-56). Let b = 140 + -130. What is the greatest common divisor of l and b?
10
Suppose -2426 = -3*n + 5*h, -h + 2420 = -16*n + 19*n. What is the highest common divisor of n and 3?
3
Let r be 4/(-14) - -6*22/21. Suppose 4*c + 6*a - 12 = 2*a, -5*c = -a - 3. Let x = c + r. Calculate the highest common factor of 14 and x.
7
Suppose -k - 60 = -58, 6 = 2*w - k. Let c be (1 - 2)/(w/(-176)). What is the greatest common divisor of 88 and c?
88
Let b(j) be the first derivative of -j**4/4 + 5*j**3/3 - 3*j**2 + 7*j + 9. Let g be b(3). Let a = 4 + g. Calculate the greatest common divisor of a and 11.
11
Let v = -152 + 614. Let t = -928 + 950. What is the greatest common divisor of v and t?
22
Suppose 85*s + 2658 = 4774 + 2984. What is the highest common divisor of 3768 and s?
12
Let h be 27 + 5 - (-3)/(2*(-3)/14). What is the greatest common divisor of h and 6725?
25
Let l = -119 + 214. Let z(t) = -t**2 - 38*t - 236. Let b be z(-26). Calculate the greatest common factor of l and b.
19
Let q(y) be the first derivative of -y**4/4 - 28*y**3/3 - 4*y**2 + 65*y - 66. Let c be q(-28). Calculate the greatest common factor of c and 17.
17
Let w(v) = -2*v**3 - 5*v**2 + 19*v + 69. Let y be w(-3). What is the greatest common factor of y and 48?
3
Let q(c) = 441*c + 3544. Let x be q(-8). What is the greatest common factor of x and 14?
2
Let w = 4515 + -4067. What is the highest common factor of 112 and w?
112
Let f(j) = -j**3 + 3*j**2 + j - 2. Let d(a) = 1. Let c(i) = 4*d(i) + f(i). Let z be c(3). Let q = -160 - -195. What is the greatest common divisor of z and q?
5
Suppose 0 = -3*n + 4*u - 557 + 2846, 0 = 3*n - 5*u - 2292. Suppose -n = 20*q - 23*q. Calculate the greatest common divisor of 23 and q.
23
Let s(u) = -3*u - 16. Let k be s(-7). Suppose 0 = -k*x - 21 - 99. Let d be ((-12)/x)/((-2)/(-28)). What is the highest common factor of 77 and d?
7
Suppose 192 = g + 3*g. Suppose -7*s - q + 152 = -2*s, 2*s + 4*q - 32 = 0. What is the highest common factor of s and g?
16
Let n(l) = 4*l + 8. Let y be n(6). Suppose -3*u + 15 = -5*i - 4, 0 = 3*u - i - 23. Calculate the greatest common factor of y and u.
8
Suppose 17*y = -2*f + 22*y + 11, 0 = f + 2*y - 28. What is the highest common factor of 7542 an